{"id":27,"date":"2014-03-05T18:32:39","date_gmt":"2014-03-05T16:32:39","guid":{"rendered":"http:\/\/steindorff-berlin.de\/?page_id=27"},"modified":"2014-03-06T00:02:12","modified_gmt":"2014-03-05T22:02:12","slug":"impressum","status":"publish","type":"page","link":"https:\/\/steindorff-berlin.de\/?page_id=27","title":{"rendered":"Impressum"},"content":{"rendered":"<h3>1. Vorwort<\/h3>\n<p>Die Entstehung dieser Internetseiten wurde eigentlich durch meine\u00a0 Kinder angesto\u00dfen. Ihr Interesse an ihren Vorfahren hatte mich\u00a0 bewogen, mich intensiver mit der Familiengeschichte zu besch\u00e4ftigen.\u00a0 So kam ich nat\u00fcrlich auch zur Geschichte der Firma &#8222;Steindorff &amp;\u00a0 Co.&#8220; die mein leider zu fr\u00fch verstorbener Schwiegervater bis zuletzt\u00a0 f\u00fchrte.<\/p>\n<p>Erstaunlicherweise\u00a0 fand sich \u00e4u\u00dferst wenig Material, zu der doch sehr langen\u00a0 Firmengeschichte, innerhalb der Familie. Auch sonst, so z.B. bei\u00a0 Internetrecherchen, war die Resonanz sehr begrenzt.<\/p>\n<p>Dieses erzeugte mein Interesse, mehr \u00fcber die Geschichte der Firma zu\u00a0 erfahren und ich begann Nachforschungen anzustellen. Damit die\u00a0 Ergebnisse nicht &#8222;im stillen K\u00e4mmerlein&#8220; versauern, beschloss ich\u00a0 diese \u00f6ffentlich zu machen. Daf\u00fcr bietet sich nat\u00fcrlich das Internet\u00a0 als schnelles und einfaches Medium an.<\/p>\n<p>Auch hoffe ich auf diese Weise in Kontakt mit Menschen zu kommen die\u00a0 weiterf\u00fchrende Informationen besitzen. \u00a0 Wenn Sie also weitere\u00a0 Informationen besitzen scheuen Sie sich bitte nicht mit mir Kontakt\u00a0 aufzunehmen.<\/p>\n<h3><img loading=\"lazy\" decoding=\"async\" class=\"alignright\" id=\"Bild93\" style=\"border: 0px none;\" alt=\"\" src=\"http:\/\/steindorff-berlin.de\/Impressum\/Kontaktbild_1.jpg\" width=\"352\" height=\"411\" border=\"0\" \/><\/h3>\n<p>Eine angenehme Zeit w\u00fcnscht Ihnen<\/p>\n<p>Werner Kaiser<\/p>\n<h3>2. Kontaktdaten<\/h3>\n<p>Werner Kaiser<\/p>\n<p>Waldrebensteig 25<\/p>\n<p>D-14129 Berlin<\/p>\n<p>Tel: + 49 (0) 30 &#8211; 588 50 231<\/p>\n<p>E-Mail: <a href=\"mailto:info@steindorff-berlin.de\">info@steindorff-berlin.de<\/a><\/p>\n<h3>3. Haftungsbeschr\u00e4nkung<\/h3>\n<p>Die Inhalte dieser Website werden mit\u00a0 gr\u00f6\u00dftm\u00f6glicher Sorgfalt erstellt. Der Anbieter \u00fcbernimmt jedoch keine Gew\u00e4hr\u00a0 f\u00fcr die Richtigkeit, Vollst\u00e4ndigkeit und Aktualit\u00e4t der bereitgestellten\u00a0 Inhalte. Die Nutzung der Inhalte der Website erfolgt auf eigene Gefahr des\u00a0 Nutzers. Namentlich gekennzeichnete Beitr\u00e4ge geben die Meinung des\u00a0 jeweiligen Autors und nicht immer die Meinung des Anbieters wieder. Mit der\u00a0 reinen Nutzung der Website des Anbieters kommt keinerlei Vertragsverh\u00e4ltnis\u00a0 zwischen dem Nutzer und dem Anbieter zustande.<\/p>\n<h3>4. Externe\u00a0 Links<\/h3>\n<p>Diese Website enth\u00e4lt Verkn\u00fcpfungen zu Websites\u00a0 Dritter (&#8222;externe Links&#8220;). Diese Websites unterliegen der Haftung\u00a0 der jeweiligen Betreiber. Der Anbieter hat bei der erstmaligen\u00a0 Verkn\u00fcpfung der externen Links die fremden Inhalte daraufhin\u00a0 \u00dcberpr\u00fcft, ob etwaige Rechtsverst\u00f6\u00dfe bestehen. Zu dem Zeitpunkt\u00a0 waren keine Rechtsverst\u00f6\u00dfe ersichtlich. Der Anbieter hat keinerlei\u00a0 Einfluss auf die aktuelle und zuk\u00fcnftige Gestaltung und auf die\u00a0 Inhalte der verkn\u00fcpften Seiten. Das Setzen von externen Links\u00a0 bedeutet nicht, dass sich der Anbieter die hinter dem Verweis oder\u00a0 Link liegenden Inhalte zu Eigen macht. Eine st\u00e4ndige Kontrolle der\u00a0 externen Links ist f\u00fcr den Anbieter ohne konkrete Hinweise auf\u00a0 Rechtsverst\u00f6\u00dfe nicht zumutbar. Bei Kenntnis von Rechtsverst\u00f6\u00dfen\u00a0 werden jedoch derartige externe Links unverz\u00fcglich gel\u00f6scht.<\/p>\n<h3>5. Urheber- und Leistungsschutzrechte<\/h3>\n<p>Die auf dieser Website ver\u00f6ffentlichten Inhalte\u00a0 unterliegen dem deutschen Urheber- und Leistungsschutzrecht. Jede\u00a0 vom deutschen Urheber- und Leistungsschutzrecht nicht zugelassene\u00a0 Verwertung bedarf der vorherigen schriftlichen Zustimmung des\u00a0 Anbieters oder jeweiligen Rechteinhabers. Dies gilt insbesondere f\u00fcr\u00a0 Vervielf\u00e4ltigung, Bearbeitung, \u00dcbersetzung, Einspeicherung,\u00a0 Verarbeitung bzw. Wiedergabe von Inhalten in Datenbanken oder\u00a0 anderen elektronischen Medien und Systemen. Inhalte und Rechte\u00a0 Dritter sind dabei als solche gekennzeichnet. Die unerlaubte\u00a0 Vervielf\u00e4ltigung oder Weitergabe einzelner Inhalte oder kompletter\u00a0 Seiten ist nicht gestattet und strafbar. Lediglich die Herstellung\u00a0 von Kopien und Downloads f\u00fcr den pers\u00f6nlichen, privaten und nicht\u00a0 kommerziellen Gebrauch ist erlaubt.<\/p>\n<p>Die Darstellung dieser Website in fremden Frames ist nur mit\u00a0 schriftlicher Erlaubnis zul\u00e4ssig.<\/p>\n<h3>6.\u00a0 Datenschutz<\/h3>\n<p>Durch den Besuch der Website des Anbieters\u00a0 k\u00f6nnen Informationen \u00fcber den Zugriff (Datum, Uhrzeit, betrachtete\u00a0 Seite) gespeichert werden. Diese Daten geh\u00f6ren nicht zu den\u00a0 personenbezogenen Daten, sondern sind anonymisiert. Sie werden\u00a0 ausschlie\u00dflich zu statistischen Zwecken ausgewertet. Eine Weitergabe\u00a0 an Dritte, zu kommerziellen oder nichtkommerziellen Zwecken, findet\u00a0 nicht statt.<\/p>\n<p>Der Anbieter weist ausdr\u00fccklich darauf hin, dass die\u00a0 Daten\u00fcbertragung im Internet (z.B. bei der Kommunikation per E-Mail)\u00a0 Sicherheitsl\u00fccken aufweisen und nicht l\u00fcckenlos vor dem Zugriff\u00a0 durch Dritte gesch\u00e4tzt werden kann.<\/p>\n<p>Die Verwendung der Kontaktdaten des Impressums zur gewerblichen\u00a0 Werbung ist ausdr\u00fccklich nicht erw\u00fcnscht, es sei denn der Anbieter\u00a0 hatte zuvor seine schriftliche Einwilligung erteilt oder es besteht\u00a0 bereits eine Gesch\u00e4ftsbeziehung. Der Anbieter und alle auf dieser\u00a0 Website genannten Personen widersprechen hiermit jeder kommerziellen\u00a0 Verwendung und Weitergabe ihrer Daten.<\/p>\n<h3>7. Besondere Nutzungsbedingungen<\/h3>\n<p>Soweit besondere Bedingungen f\u00fcr einzelne\u00a0 Nutzungen dieser Website von den vorgenannten Nummern 1. bis 4.\u00a0 abweichen, wird an entsprechender Stelle ausdr\u00fccklich darauf\u00a0 hingewiesen. In diesem Falle gelten im jeweiligen Einzelfall die\u00a0 besonderen Nutzungsbedingungen.<\/p>\n<p><span style=\"font-family: Candara,sans-serif;\"><br \/>\n<span style=\"font-size: 12px;\">Quelle: Disclaimer von<a title=\"Anwaltssuche\" href=\"http:\/\/www.juraforum.de\">Juraforum.de<\/a>\u00a0 &#8211; Rechtsportal und<a title=\"Experten-Branchenbuch.de\" href=\"http:\/\/www.experten-branchenbuch.de\"> Experten-Branchenbuch.de<\/a> &#8211; Anwaltssuch<\/span><\/span><\/p>\n","protected":false},"excerpt":{"rendered":"<p>1. Vorwort Die Entstehung dieser Internetseiten wurde eigentlich durch meine\u00a0 Kinder angesto\u00dfen. Ihr Interesse an ihren Vorfahren hatte mich\u00a0 bewogen, mich intensiver mit der Familiengeschichte zu besch\u00e4ftigen.\u00a0 So kam ich nat\u00fcrlich auch zur Geschichte der Firma &#8222;Steindorff &amp;\u00a0 Co.&#8220; die mein leider zu fr\u00fch verstorbener Schwiegervater bis zuletzt\u00a0 f\u00fchrte. Erstaunlicherweise\u00a0 fand sich \u00e4u\u00dferst wenig Material, [&hellip;]<\/p>\n","protected":false},"author":1,"featured_media":0,"parent":0,"menu_order":0,"comment_status":"closed","ping_status":"closed","template":"","meta":{"footnotes":""},"_links":{"self":[{"href":"https:\/\/steindorff-berlin.de\/index.php?rest_route=\/wp\/v2\/pages\/27"}],"collection":[{"href":"https:\/\/steindorff-berlin.de\/index.php?rest_route=\/wp\/v2\/pages"}],"about":[{"href":"https:\/\/steindorff-berlin.de\/index.php?rest_route=\/wp\/v2\/types\/page"}],"author":[{"embeddable":true,"href":"https:\/\/steindorff-berlin.de\/index.php?rest_route=\/wp\/v2\/users\/1"}],"replies":[{"embeddable":true,"href":"https:\/\/steindorff-berlin.de\/index.php?rest_route=%2Fwp%2Fv2%2Fcomments&post=27"}],"version-history":[{"count":8,"href":"https:\/\/steindorff-berlin.de\/index.php?rest_route=\/wp\/v2\/pages\/27\/revisions"}],"predecessor-version":[{"id":169,"href":"https:\/\/steindorff-berlin.de\/index.php?rest_route=\/wp\/v2\/pages\/27\/revisions\/169"}],"wp:attachment":[{"href":"https:\/\/steindorff-berlin.de\/index.php?rest_route=%2Fwp%2Fv2%2Fmedia&parent=27"}],"curies":[{"name":"wp","href":"https:\/\/api.w.org\/{rel}","templated":true}]}}