{"id":31,"date":"2014-03-05T18:34:36","date_gmt":"2014-03-05T16:34:36","guid":{"rendered":"http:\/\/steindorff-berlin.de\/?page_id=31"},"modified":"2014-03-06T01:06:23","modified_gmt":"2014-03-05T23:06:23","slug":"mikroskope","status":"publish","type":"page","link":"https:\/\/steindorff-berlin.de\/?page_id=31","title":{"rendered":"Mikroskope"},"content":{"rendered":"<p style=\"text-align: justify;\"><span style=\"font-family: Candara,sans-serif;\">Steindorff stellte eine Vielzahl von Mikroskopen her. Sie waren durch ihre Robustheit und hohe Qualit\u00e4t sehr beliebt. Alfred Wegner soll bei einer seiner Expeditionen ein Steindorff Mikroskop mitgef\u00fchrt haben. Daf\u00fcr hat die Firma Steindorff von Alfred Wegner eine Gedenkmedaille erhalten, die leider in den letzten Jahren verschollen ist. <\/span><\/p>\n<p style=\"text-align: justify;\"><b><span style=\"font-family: Candara,sans-serif;\">Die Seriennummern<\/span><\/b><br \/>\n<span style=\"font-family: Candara,sans-serif;\">Die Nummerierung der Mikroskope\u00a0 war bis zum Kriegsende fortlaufend. 62660 ist die h\u00f6chste mir bekannte Nummer. 482 die niedrigste Nummer, wobei diese auf dem Holzkasten angebracht ist. Das Mikroskop selbst hat keine Nummer.<br \/>\nWahrscheinlich im Jahr 1957 wurde dann eine\u00a0 Kombination aus Jahreszahl und St\u00fcckzahl eingef\u00fchrt.\u00a0 570869\u00a0 ist die erste mir bekannte Nummer. Das w\u00e4re dann Ger\u00e4t 869 aus dem Jahr 1957. Ein Mikrobenj\u00e4ger!!! Die letzte mir bekannte Nummer ist die 800704.<\/span><\/p>\n","protected":false},"excerpt":{"rendered":"<p>Steindorff stellte eine Vielzahl von Mikroskopen her. Sie waren durch ihre Robustheit und hohe Qualit\u00e4t sehr beliebt. Alfred Wegner soll bei einer seiner Expeditionen ein Steindorff Mikroskop mitgef\u00fchrt haben. Daf\u00fcr hat die Firma Steindorff von Alfred Wegner eine Gedenkmedaille erhalten, die leider in den letzten Jahren verschollen ist. Die Seriennummern Die Nummerierung der Mikroskope\u00a0 war [&hellip;]<\/p>\n","protected":false},"author":1,"featured_media":0,"parent":0,"menu_order":0,"comment_status":"open","ping_status":"closed","template":"","meta":{"footnotes":""},"_links":{"self":[{"href":"https:\/\/steindorff-berlin.de\/index.php?rest_route=\/wp\/v2\/pages\/31"}],"collection":[{"href":"https:\/\/steindorff-berlin.de\/index.php?rest_route=\/wp\/v2\/pages"}],"about":[{"href":"https:\/\/steindorff-berlin.de\/index.php?rest_route=\/wp\/v2\/types\/page"}],"author":[{"embeddable":true,"href":"https:\/\/steindorff-berlin.de\/index.php?rest_route=\/wp\/v2\/users\/1"}],"replies":[{"embeddable":true,"href":"https:\/\/steindorff-berlin.de\/index.php?rest_route=%2Fwp%2Fv2%2Fcomments&post=31"}],"version-history":[{"count":8,"href":"https:\/\/steindorff-berlin.de\/index.php?rest_route=\/wp\/v2\/pages\/31\/revisions"}],"predecessor-version":[{"id":313,"href":"https:\/\/steindorff-berlin.de\/index.php?rest_route=\/wp\/v2\/pages\/31\/revisions\/313"}],"wp:attachment":[{"href":"https:\/\/steindorff-berlin.de\/index.php?rest_route=%2Fwp%2Fv2%2Fmedia&parent=31"}],"curies":[{"name":"wp","href":"https:\/\/api.w.org\/{rel}","templated":true}]}}