{"id":33,"date":"2014-03-05T18:37:12","date_gmt":"2014-03-05T16:37:12","guid":{"rendered":"http:\/\/steindorff-berlin.de\/?page_id=33"},"modified":"2014-03-06T00:57:00","modified_gmt":"2014-03-05T22:57:00","slug":"mikrobenjaeger","status":"publish","type":"page","link":"https:\/\/steindorff-berlin.de\/?page_id=33","title":{"rendered":"Mikrobenj\u00e4ger"},"content":{"rendered":"<p><a href=\"http:\/\/www.microscopy-uk.org.uk\/mag\/artdec08\/mm-mdc-steindorff.html\" target=\"_blank\"><img loading=\"lazy\" decoding=\"async\" class=\"alignleft\" id=\"Bild1\" style=\"border: 0px none;\" title=\"microbe hunter\" alt=\"microbe hunter\" src=\"http:\/\/steindorff-berlin.de\/Instrumente\/Mikrobenjager\/microbe-hunter_1.jpg\" width=\"178\" height=\"270\" border=\"0\" \/><\/a><\/p>\n<p><strong>Ein\u00a0 ganz besonderes Mikroskop!!!<\/strong><\/p>\n<p>Ich m\u00f6chte an dieser Stelle nicht viel mehr erw\u00e4hnen, denn&#8230;<\/p>\n<p>&#8230;es gibt bereits einen fantastischen Artikel \u00fcber den Mikrobenj\u00e4ger den man nicht besser machen kann. Vielen Dank an die Autoren Martin Mach und Manuel del Cerro.<\/p>\n<p>Also bitte folgen sie diesem Link.<\/p>\n<p style=\"margin-bottom: 0px; text-align: left;\"><a href=\"http:\/\/www.microscopy-uk.org.uk\/mag\/artdec08\/mm-mdc-steindorff.html\" target=\"_blank\">Between Glamour and Glory The Steindorff &#8222;Microbe\u00a0 Hunter\u201d<\/a><\/p>\n","protected":false},"excerpt":{"rendered":"<p>Ein\u00a0 ganz besonderes Mikroskop!!! Ich m\u00f6chte an dieser Stelle nicht viel mehr erw\u00e4hnen, denn&#8230; &#8230;es gibt bereits einen fantastischen Artikel \u00fcber den Mikrobenj\u00e4ger den man nicht besser machen kann. Vielen Dank an die Autoren Martin Mach und Manuel del Cerro. Also bitte folgen sie diesem Link. Between Glamour and Glory The Steindorff &#8222;Microbe\u00a0 Hunter\u201d<\/p>\n","protected":false},"author":1,"featured_media":0,"parent":0,"menu_order":0,"comment_status":"open","ping_status":"closed","template":"","meta":{"footnotes":""},"_links":{"self":[{"href":"https:\/\/steindorff-berlin.de\/index.php?rest_route=\/wp\/v2\/pages\/33"}],"collection":[{"href":"https:\/\/steindorff-berlin.de\/index.php?rest_route=\/wp\/v2\/pages"}],"about":[{"href":"https:\/\/steindorff-berlin.de\/index.php?rest_route=\/wp\/v2\/types\/page"}],"author":[{"embeddable":true,"href":"https:\/\/steindorff-berlin.de\/index.php?rest_route=\/wp\/v2\/users\/1"}],"replies":[{"embeddable":true,"href":"https:\/\/steindorff-berlin.de\/index.php?rest_route=%2Fwp%2Fv2%2Fcomments&post=33"}],"version-history":[{"count":12,"href":"https:\/\/steindorff-berlin.de\/index.php?rest_route=\/wp\/v2\/pages\/33\/revisions"}],"predecessor-version":[{"id":307,"href":"https:\/\/steindorff-berlin.de\/index.php?rest_route=\/wp\/v2\/pages\/33\/revisions\/307"}],"wp:attachment":[{"href":"https:\/\/steindorff-berlin.de\/index.php?rest_route=%2Fwp%2Fv2%2Fmedia&parent=33"}],"curies":[{"name":"wp","href":"https:\/\/api.w.org\/{rel}","templated":true}]}}